divided by 2288?
352
Calculate the remainder when 7862 is divided by 315.
302
What is the remainder when 1719 is divided by 23?
17
Calculate the remainder when 5359 is divided by 5066.
293
Calculate the remainder when 98581 is divided by 78.
67
Calculate the remainder when 3302 is divided by 994.
320
What is the remainder when 19566 is divided by 850?
16
What is the remainder when 238170 is divided by 403?
400
Calculate the remainder when 9607 is divided by 129.
61
Calculate the remainder when 10898 is divided by 232.
226
What is the remainder when 46856 is divided by 23396?
64
Calculate the remainder when 50769 is divided by 3.
0
Calculate the remainder when 2787 is divided by 885.
132
Calculate the remainder when 1282 is divided by 828.
454
Calculate the remainder when 2580 is divided by 2578.
2
Calculate the remainder when 66115 is divided by 13.
10
What is the remainder when 24236 is divided by 76?
68
Calculate the remainder when 8637 is divided by 2791.
264
What is the remainder when 135363 is divided by 172?
171
What is the remainder when 6156 is divided by 143?
7
Calculate the remainder when 4232 is divided by 87.
56
Calculate the remainder when 46008 is divided by 430.
428
What is the remainder when 181899 is divided by 213?
210
Calculate the remainder when 7063 is divided by 364.
147
Calculate the remainder when 22835 is divided by 2065.
120
What is the remainder when 28666 is divided by 28665?
1
Calculate the remainder when 73733 is divided by 250.
233
What is the remainder when 445322 is divided by 111?
101
Calculate the remainder when 14733 is divided by 245.
33
Calculate the remainder when 24178 is divided by 118.
106
Calculate the remainder when 18830 is divided by 69.
62
What is the remainder when 28291 is divided by 12?
7
What is the remainder when 7980 is divided by 288?
204
What is the remainder when 17792 is divided by 5926?
14
What is the remainder when 631 is divided by 123?
16
Calculate the remainder when 126 is divided by 95.
31
Calculate the remainder when 71334 is divided by 35.
4
Calculate the remainder when 1166 is divided by 120.
86
What is the remainder when 270756 is divided by 556?
540
What is the remainder when 13794 is divided by 13773?
21
Calculate the remainder when 155718 is divided by 458.
456
What is the remainder when 8770 is divided by 1752?
10
What is the remainder when 7151 is divided by 299?
274
Calculate the remainder when 19994 is divided by 598.
260
What is the remainder when 58489 is divided by 1276?
1069
What is the remainder when 595 is divided by 441?
154
What is the remainder when 2430 is divided by 272?
254
Calculate the remainder when 27923 is divided by 243.
221
Calculate the remainder when 10501 is divided by 93.
85
What is the remainder when 164889 is divided by 1145?
9
Calculate the remainder when 2735 is divided by 230.
205
Calculate the remainder when 56346 is divided by 59.
1
What is the remainder when 6379 is divided by 16?
11
What is the remainder when 2706 is divided by 92?
38
What is the remainder when 20556 is divided by 571?
0
What is the remainder when 366490 is divided by 47?
31
What is the remainder when 10800 is divided by 435?
360
What is the remainder when 14186 is divided by 151?
143
What is the remainder when 22941 is divided by 112?
93
Calculate the remainder when 35882 is divided by 35858.
24
What is the remainder when 236588 is divided by 78860?
8
What is the remainder when 39195 is divided by 460?
95
Calculate the remainder when 65690 is divided by 3122.
128
Calculate the remainder when 7804 is divided by 6432.
1372
Calculate the remainder when 8816 is divided by 42.
38
Calculate the remainder when 28271 is divided by 19.
18
Calculate the remainder when 9164 is divided by 2966.
266
Calculate the remainder when 770 is divided by 40.
10
What is the remainder when 8090 is divided by 37?
24
Calculate the remainder when 50612 is divided by 844.
816
What is the remainder when 3104 is divided by 507?
62
What is the remainder when 35648 is divided by 108?
8
Calculate the remainder when 1369 is divided by 107.
85
What is the remainder when 11549 is divided by 26?
5
What is the remainder when 137725 is divided by 22950?
25
Calculate the remainder when 661 is divided by 40.
21
What is the remainder when 428 is divided by 107?
0
What is the remainder when 1450965 is divided by 103?
4
Calculate the remainder when 295255 is divided by 1367.
1350
What is the remainder when 2368 is divided by 1731?
637
What is the remainder when 19164 is divided by 18782?
382
Calculate the remainder when 3336 is divided by 1112.
0
Calculate the remainder when 2129 is divided by 86.
65
What is the remainder when 30570 is divided by 464?
410
Calculate the remainder when 808417 is divided by 83.
80
Calculate the remainder when 73966 is divided by 276.
274
What is the remainder when 1106035 is divided by 9?
7
Calculate the remainder when 348646 is divided by 367.
363
What is the remainder when 4616 is divided by 602?
402
What is the remainder when 112004 is divided by 96?
68
Calculate the remainder when 5753 is divided by 938.
125
Calculate the remainder when 19300 is divided by 471.
460
What is the remainder when 116582 is divided by 35?
32
Calculate the remainder when 18398 is divided by 3674.
28
What is the remainder when 626179 is divided by 892?
887
Calculate the remainder when 2540683 is divided by 35.
33
What is the remainder when 31911 is divided by 233?
223
What is the remainder when 13388 is divided by 6656?
76
Calculate the remainder when 29777 is divided by 186.
17
What is the remainder when 11951 is divided by 525?
401
Calculate the remainder when 2263 is divided by 1001.
261
Calculate the remainder when 25421 is divided by 93.
32
Calculate the remainder when 101898 is divided by 69.
54
What is the remainder when 8644 is divided by 152?
132
Calculate the remainder when 4340 is divided by 74.
48
What is the remainder when 1854847 is divided by 674?
673
Calculate the remainder when 14404 is divided by 3515.
344
What is the remainder when 134638 is divided by 19?
4
Calculate the remainder when 8119 is divided by 262.
259
Calculate the remainder when 17800 is divided by 3062.
2490
What is the remainder when 43197 is divided by 66?
33
What is the remainder when 46817 is divided by 583?
177
Calculate the remainder when 2410 is divided by 414.
340
Calculate the remainder when 41659 is divided by 216.
187
What is the remainder when 4238 is divided by 153?
107
What is the remainder when 926 is divided by 19?
14
What is the remainder when 20371 is divided by 63?
22
Calculate the remainder when 1373 is divided by 52.
21
Calculate the remainder when 264972 is divided by 768.
12
What is the remainder when 40872 is divided by 600?
72
Calculate the remainder when 18154 is divided by 48.
10
What is the remainder when 58137 is divided by 6446?
123
What is the remainder when 20707 is divided by 555?
172
What is the remainder when 1746 is divided by 43?
26
Calculate the remainder when 22336 is divided by 22329.
7
What is the remainder when 3674 is divided by 620?
574
Calculate the remainder when 34590 is divided by 264.
6
Calculate the remainder when 886635 is divided by 34101.
9
Calculate the remainder when 19078 is divided by 6348.
34
What is the remainder when 22636 is divided by 420?
376
Calculate the remainder when 16007 is divided by 34.
27
What is the remainder when 11043 is divided by 44?
43
Calculate the remainder when 37471 is divided by 1170.
31
Calculate the remainder when 9760 is divided by 9757.
3
What is the remainder when 64005 is divided by 24?
21
What is the remainder when 161929 is divided by 44?
9
What is the remainder when 2322 is divided by 78?
60
Calculate the remainder when 3112 is divided by 175.
137
Calculate the remainder when 854419 is divided by 476.
475
Calculate the remainder when 2212 is divided by 276.
4
Calculate the remainder when 66901 is divided by 22265.
106
Calculate the remainder when 18421 is divided by 1158.
1051
Calculate the remainder when 1533 is divided by 307.
305
Calculate the remainder when 11071 is divided by 63.
46
Calculate the remainder when 430954 is divided by 270.
34
What is the remainder when 2331 is divided by 156?
147
Calculate the remainder when